by b?
33
Let d = 281 + -270. Suppose 7*a = d*a - 92. Calculate the remainder when 39 is divided by a.
16
Suppose 211*c - 170*c = 13120. Calculate the remainder when 819 is divided by c.
179
Calculate the remainder when (-15 + 558/36)*881*1*2 is divided by 14.
13
Suppose -573*g - 376300 = -623*g. What is the remainder when g is divided by 1879?
10
Let u(p) = -p**3 + 8*p**2 + 12*p - 66. Let r(k) = 5*k**2 - 3*k - 2. What is the remainder when u(7) is divided by r(-2)?
19
Calculate the remainder when 4026 is divided by 114*(-17 + 34)/102.
17
What is the remainder when 9518 is divided by (8 - 34/4)*(-63 + -5)?
32
Let d = -299 + 319. What is the remainder when d/(-10)*(-1)/7*182 is divided by 8?
4
Suppose 0 = -280*y + 90*y + 4370. Let h(k) = k - 1. Let m be h(3). Suppose -26 = -x + 4*j, -x + m*j = -j - y. What is the remainder when x is divided by 11?
3
Let z be (0*3/6)/2. Suppose -3*y = 5*q - q - 270, z = -3*q - 3*y + 204. Suppose -4*a = 2*a - q. What is the remainder when 41 is divided by a?
8
Let s(i) = 7*i**3 + 66*i**2 + 16*i - 10. What is the remainder when 7564 is divided by s(-9)?
88
Let w(z) = z**2 - z - 8. Let t be w(-8). Suppose 2*a - 4*s = t, -17 + 48 = a - s. What is the remainder when a is divided by 11?
8
Let u be 0/2 + (-28)/(-14). Suppose -59 = -2*b + 5*z, 2*b - 27 = b + u*z. Calculate the remainder when 30 is divided by b.
13
Suppose -32*o = -2*o - 930. Calculate the remainder when 606 is divided by o.
17
Suppose -y + 5*v = -316, -6*v - 896 = -3*y - 4*v. Calculate the remainder when y is divided by (25/75)/((-1)/(-150) - 0).
46
Suppose -l + 5*l - 160 = 0. What is the remainder when (-6)/(-3)*(36 + -39) + 157 is divided by l?
31
Suppose -17*u + 104*u - 783 = 0. What is the remainder when 145 is divided by u?
1
Suppose -2*r - 6*r = -3*r - 375. What is the remainder when 819 is divided by r?
69
Let g = 28735 - 28380. Calculate the remainder when g is divided by 296.
59
Suppose 2*i - 7*u + 4*u = 199, u = 4*i - 413. Let m be 4 + 2 + (42 - 4). Let k = 65 - m. Calculate the remainder when i is divided by k.
20
Let a = 23 - 6. What is the remainder when 3880/64 + (-12)/(-32) is divided by a?
10
Suppose 57 = 2*s - 67. Suppose -755 = -3*d + 5*o, -3*o + 346 + 132 = 2*d. Calculate the remainder when d is divided by s.
59
Let m(y) = 9*y**2 - 304*y - 19. Calculate the remainder when m(35) is divided by 361.
5
Let l(z) = -z**3 + 17*z**2 + 54*z - 4. Let j be l(20). Let s = j + 160. Calculate the remainder when s is divided by 19.
17
Let a(n) be the third derivative of 1/120*n**6 + 15*n**2 + 5/3*n**3 + 13/60*n**5 + 0*n**4 + 0*n + 0. Calculate the remainder when a(-13) is divided by 9.
1
Let t = -116 - -120. Suppose t*u + o = 178, -u = -2*u - 3*o + 50. Let v = u - -16. What is the remainder when v is divided by 32?
28
Suppose -2*i - 1564 = -w, 224*i - 1571 = -w + 219*i. What is the remainder when w is divided by 16?
14
Let n(p) = 4*p**2 - 3*p - 4. Let t be n(2). Suppose -t*o = -4*o - 10. Suppose -5 = -o*y + 85. Calculate the remainder when 69 is divided by y.
15
Let q = 9531 - 9498. Suppose -4*k - 78 = -322. What is the remainder when k is divided by q?
28
Suppose 626 = 40*n - 12*n - 410. Calculate the remainder when 628 is divided by n.
36
Suppose -65*a + 60*a = 875. Let g = -124 - a. Calculate the remainder when 302 is divided by g.
47
Suppose -1244 = -107*n + 3678. Calculate the remainder when 2070 is divided by n.
0
Suppose -4*i = -5*i + 207. Let m = 11770 + -11716. What is the remainder when i is divided by m?
45
Suppose 8 = -4*w, 4*w = 5*s + 2*w - 79. Let u be (-306)/255*(-5)/2. Let i(r) = -r**3 + 10*r**2 - 13*r + 5. Calculate the remainder when i(u) is divided by s.
14
Let l = 31 + -22. Let u(o) = -o**2 + 22*o - 13. What is the remainder when u(l) is divided by (-4589)/(-169) - 4/26?
23
Let s(n) = -n**3 + 6*n**2 + 27*n - 117. What is the remainder when 78 is divided by s(7)?
9
Suppose -5*u + 44 - 9 = -2*s, 0 = -5*s - 3*u - 72. Let k be 0/(0 + -4) - s. Calculate the remainder when 97 is divided by 4/(-30) - (-167)/k.
9
Suppose -2*o + 3 - 80 = -i, 3*o + 413 = 5*i. Let b(g) = g**2 - 23*g - 576. Let a be b(38). What is the remainder when 59 is divided by (-55)/a + -3 + i/30?
5
Let z(b) = 4*b**3 - 6*b**2 - 3*b + 11. Suppose -14*p + 31 = -25. Calculate the remainder when z(p) is divided by 55.
49
Suppose 79 = -19*g + 197 + 205. What is the remainder when 113 is divided by g?
11
Let j be (-27)/(-2) - 2 - 1/2. Suppose j*d = 273 + 156. Calculate the remainder when d is divided by 16.
7
Let s(g) be the second derivative of -2*g**3 - 74*g**2 + 2*g + 74. Calculate the remainder when s(-16) is divided by 25.
19
Let v = 97 + -18. Let d(b) = -2*b**2 + 21*b + 6. Let s be 14 + -2 + -3 + (6 - 5). Calculate the remainder when v is divided by d(s).
15
Suppose 2579 + 1154 = 829*j - 412. Calculate the remainder when 0 + 21 - (-2)/2 is divided by j.
2
Let g = 318 - 446. Let z = 173 + g. Calculate the remainder when 132 is divided by z.
42
Suppose 0 = 400*x - 414*x + 1554. Calculate the remainder when 355 is divided by x.
22
Suppose 117*v = 22515 + 5799. What is the remainder when 1197 is divided by v?
229
Suppose 2*o - 8 = 4*o, o = -4*w - 1836. Let r = w - -480. What is the remainder when 219 is divided by r?
21
Suppose 3*s - 182 = -2*t, -3*t = 4*s - 0*t - 240. What is the remainder when 12600 is divided by s?
60
Suppose 0 = 5*t + 5*c - 145, 76 = -4*t - 3*c + 191. Calculate the remainder when 1238 is divided by t.
6
Suppose 3286 - 3094 = 3*i. Calculate the remainder when 1023 is divided by i.
63
Let i = 7666 - 5431. Suppose 0 = 55*o - 17620 - i. Calculate the remainder when o is divided by 26.
23
Suppose -5*q = u + 455, -q + 199 = -3*q + 3*u. Let k = 122 + q. Calculate the remainder when k is divided by 132/9 + (-6)/9.
2
Let i = -429 - -427. Calculate the remainder when 79 is divided by (i/(-7))/(3/210).
19
Suppose -109 = -s + 2*z, -5*s + z + 0*z = -545. Suppose -3*k = 70 - 181. Calculate the remainder when s is divided by k.
35
Suppose 24*f - 280 = -5*f + f. Let q = 112 - 18. What is the remainder when q is divided by f?
4
Suppose 4*m - 21 = -5*i + 103, m - 80 = -3*i. Suppose -2*o = -0*o - i. What is the remainder when (-812)/(-580) - 936/(-10) is divided by o?
11
Let l = -7055 + 7130. Calculate the remainder when -29*(-10)/(-4)*-2 is divided by l.
70
Let f = -36750 + 37696. Calculate the remainder when f is divided by 53.
45
Suppose -128*l = -47*l - 3671 - 622. Let t be -22 + 0 + (0 - 0). Calculate the remainder when l is divided by (t/3)/((-12)/18).
9
Suppose 0 = 15*m - 102 - 108. Calculate the remainder when 52 - ((-48)/4)/6 is divided by m.
12
Suppose 2*i + 20 = 94. Suppose -w - 3*f + f + 361 = 0, 5*w - 3*f - 1831 = 0. What is the remainder when w is divided by i?
32
Suppose -4*b + 2*x + 1424 = 0, 5*x + 1420 = 4*b + 2*x. Calculate the remainder when 717 is divided by b.
1
Suppose -5*u = -b - 3*u + 71, 3*u = 5*b - 390. Let n(k) be the second derivative of k**3/6 + k**2/2 + 11*k. What is the remainder when b is divided by n(5)?
3
Let k(t) = 7*t + 15. Let y = 46 + -49. Let v be k(y). What is the remainder when 33/6 - (-3)/v*-1 is divided by 2?
0
Suppose 11*w = 89 + 175. Let d(s) = s**2 - 2*s + 5. Let m be d(8). Let j = m + -8. What is the remainder when j is divided by w?
21
Suppose 0 = 4*p + t - 150, 4*t + 64 + 58 = 3*p. Calculate the remainder when 3720 is divided by p.
34
Let q(y) = -6*y - 6. Let x be q(-4). Let d = 63 - x. Calculate the remainder when d is divided by ((-2646)/28)/9*(-12)/21.
3
Let l be (-2)/(-3) + (182/(-21) - -10). Suppose l*p - 3*q - 36 = 0, 4*p - 25 - 43 = 4*q. Calculate the remainder when 39 is divided by p.
9
What is the remainder when 69*40/18*12/10 is divided by 24?
16
Let i = 2448 + -2386. Calculate the remainder when 300 is divided by i.
52
Let o = -63 + 71. What is the remainder when 239 is divided by 7 + 2*8/o?
5
Suppose -2*d + 90 = 82. Let a(i) = i**3 - i**2 + 3*i - 14. What is the remainder when a(d) is divided by 5?
1
Let k(v) = -14*v**2 + 71*v - 56. Let l(p) = -3*p**2 - p - 1. Let q(i) = k(i) - 4*l(i). What is the remainder when q(31) is divided by 32?
31
Let q = 2749 - 2712. Let z(p) = -2*p**3 - 4*p**2 - 2*p - 2. What is the remainder when z(-4) is divided by q?
33
Suppose -126*o + 10491 + 7149 = 0. What is the remainder w